{"id":6,"date":"2019-08-27T11:03:04","date_gmt":"2019-08-27T14:03:04","guid":{"rendered":"http:\/\/participacion.quillota.cl\/?page_id=6"},"modified":"2019-08-27T11:03:04","modified_gmt":"2019-08-27T14:03:04","slug":"preguntas-frecuentes","status":"publish","type":"page","link":"https:\/\/www.quillota.cl\/participacion\/preguntas-frecuentes\/","title":{"rendered":"Preguntas Frecuentes"},"content":{"rendered":"\n<div id=\"accordion\">\n<div class=\"card\">\n<div class=\"card-header\" id=\"headingOne\">\n<h5 class=\"mb-0\">\n        <button class=\"btn btn-link\" data-toggle=\"collapse\" data-target=\"#collapseOne\" aria-expanded=\"true\" aria-controls=\"collapseOne\"><\/p>\n<h3>1. Con la eliminaci\u00f3n de la calificaci\u00f3n por parte del Tribunal Electoral Regional \u00bfQui\u00e9n va a calificar las elecciones de las organizaciones comunitarias?<\/h3>\n<p>        <\/button><br \/>\n      <\/h5>\n<\/p><\/div>\n<div id=\"collapseOne\" class=\"collapse show\" aria-labelledby=\"headingOne\" data-parent=\"#accordion\">\n<div class=\"card-body\">\n<p>Le corresponde calificar las elecciones a la Comisi\u00f3n Electoral de la organizaci\u00f3n. Este \u00f3rgano se conforma dos meses antes de la elecci\u00f3n en la forma que indica la ley (inciso final del art. 10, Ley N\u00b0 19.418).<br \/>\nLa nueva ley 21.146 elimina la calificaci\u00f3n obligatoria de las elecciones por parte del Tribunal Electoral Regional (TER), subsistiendo, sin embargo, el derecho que tiene cualquier vecino afiliado a la organizaci\u00f3n para reclamar ante estos.<\/p>\n<\/p><\/div>\n<\/p><\/div>\n<\/p><\/div>\n<div class=\"card\">\n<div class=\"card-header\" id=\"headingTwo\">\n<h5 class=\"mb-0\">\n        <button class=\"btn btn-link collapsed\" data-toggle=\"collapse\" data-target=\"#collapseTwo\" aria-expanded=\"false\" aria-controls=\"collapseTwo\"><\/p>\n<h3>2. \u00bfQu\u00e9 elecciones calificar\u00e1 el TER, dado que ya no tiene competencia para calificar las de las juntas de vecinos y dem\u00e1s organizaciones comunitarias?<\/h3>\n<p>        <\/button><br \/>\n      <\/h5>\n<\/p><\/div>\n<div id=\"collapseTwo\" class=\"collapse\" aria-labelledby=\"headingTwo\" data-parent=\"#accordion\">\n<div class=\"card-body\">\n<p>Se mantiene la obligaci\u00f3n de calificar las elecciones respecto a las organizaciones de car\u00e1cter gremial y las de los grupos intermedios que tengan derecho a participar en la designaci\u00f3n de los integrantes de los consejos comunales de organizaciones de la sociedad civil &#8211; COSOC &#8211; (art. 10 N\u00b01, Ley N\u00b018.593). Estas organizaciones son (art. 94, LOC Municipalidades):- Organizaciones de inter\u00e9s p\u00fablico de la comuna (Art\u00edculo 15, Ley N\u00b020.500).<br \/>\n&#8211; Asociaciones gremiales (Decreto Ley N\u00b02757).<br \/>\n&#8211; Organizaciones sindicales (sindicatos, federaciones y confederaciones sindicales, regidas por el C\u00f3digo del Trabajo. Asociaciones de funcionarios regidos por la Ley N\u00b019.296).<br \/>\n&#8211; Otras actividades relevantes para el desarrollo econ\u00f3mico, social y cultural de la comuna (por ejemplo: Rotary Club, Club de Leones, Universidades, Cruz Roja y todas aquellas que realicen elecciones).<\/p>\n<\/p><\/div>\n<\/p><\/div>\n<\/p><\/div>\n<div class=\"card\">\n<div class=\"card-header\" id=\"headingFour\">\n<h5 class=\"mb-0\">\n        <button class=\"btn btn-link collapsed\" data-toggle=\"collapse\" data-target=\"#headingFour\" aria-expanded=\"false\" aria-controls=\"headingFour\"><\/p>\n<h3>3. \u00bfCu\u00e1l es el rol del Secretario Municipal respecto al dep\u00f3sito de los documentos?<\/h3>\n<p>        <\/button><br \/>\n      <\/h5>\n<\/p><\/div>\n<div id=\"headingFour\" class=\"collapse\" aria-labelledby=\"headingThree\" data-parent=\"#accordion\">\n<div class=\"card-body\">\n<p>La funci\u00f3n del Secretario Municipal es \u201cverificar el dep\u00f3sito y conformidad legal de los antecedentes&#8221; de la elecci\u00f3n (art\u00edculo 6 bis), esto es, revisar que los antecedentes que deben ser depositados en la Secretar\u00eda Municipal (enumerados en el art. 6, Ley N\u00b0 19.418) sean aquellos que exige la ley y hayan sido entregados dentro del plazo.La ley NO entrega la facultad de revisar (ni calificar) el proceso eleccionario a los Secretarios Municipales, toda vez que el organismo al que el ordenamiento jur\u00eddico ha entregado la competencia para conocer y resolver las reclamaciones relativas a las elecciones es el Tribunal Electoral Regional correspondiente (dict\u00e1menes relacionados: N\u00b0 40.631-2006; 21.762-2013; 28.316-2013).<\/p>\n<\/p><\/div>\n<\/p><\/div>\n<\/p><\/div>\n<div class=\"card\">\n<div class=\"card-header\" id=\"headingThree\">\n<h5 class=\"mb-0\">\n        <button class=\"btn btn-link collapsed\" data-toggle=\"collapse\" data-target=\"#collapseThree\" aria-expanded=\"false\" aria-controls=\"collapseThree\"><\/p>\n<h3>4. Aquellas organizaciones que quieran participar de un COSOC \u00bfDeber\u00e1n ser calificadas por el TER?<\/h3>\n<p>        <\/button><br \/>\n      <\/h5>\n<\/p><\/div>\n<div id=\"collapseThree\" class=\"collapse\" aria-labelledby=\"headingThree\" data-parent=\"#accordion\">\n<div class=\"card-body\">\n<p>A partir de la entrada en vigencia de la Ley N\u00b0 21.146, las organizaciones comunitarias que hayan elegido sus directivas conforme al nuevo procedimiento establecido en la ley 21.146, podr\u00e1n ser parte del COSOC, sin necesidad de ser calificadas por el TER.<\/p>\n<\/p><\/div>\n<\/p><\/div>\n<\/p><\/div>\n<div class=\"card\">\n<div class=\"card-header\" id=\"headingThree\">\n<h5 class=\"mb-0\">\n        <button class=\"btn btn-link collapsed\" data-toggle=\"collapse\" data-target=\"#collapseThree\" aria-expanded=\"false\" aria-controls=\"collapseThree\"><\/p>\n<h3>5. \u00bfCu\u00e1l es el plazo para comunicar la fecha de la elecci\u00f3n al Secretario Municipal?<\/h3>\n<p>        <\/button><br \/>\n      <\/h5>\n<\/p><\/div>\n<div id=\"collapseThree\" class=\"collapse\" aria-labelledby=\"headingThree\" data-parent=\"#accordion\">\n<div class=\"card-body\">\n<p>La Comisi\u00f3n Electoral podr\u00e1 comunicar al Secretario Municipal la realizaci\u00f3n de la elecci\u00f3n del Directorio desde su establecimiento (dos meses antes de la elecci\u00f3n) hasta con 15 d\u00edas h\u00e1biles de anticipaci\u00f3n a la fecha fijada.El Secretario Municipal deber\u00e1 publicar la fecha de la elecci\u00f3n al d\u00eda siguiente h\u00e1bil en la p\u00e1gina web institucional. La contravenci\u00f3n de esta obligaci\u00f3n se considerar\u00e1 infracci\u00f3n grave a los deberes funcionarios de quien corresponda (art. 21, Ley N\u00b0 19.418).<\/p>\n<\/p><\/div>\n<\/p><\/div>\n<\/p><\/div>\n<div class=\"card\">\n<div class=\"card-header\" id=\"headingThree\">\n<h5 class=\"mb-0\">\n        <button class=\"btn btn-link collapsed\" data-toggle=\"collapse\" data-target=\"#collapseThree\" aria-expanded=\"false\" aria-controls=\"collapseThree\"><\/p>\n<h3>6. \u00bfQu\u00e9 pasa si la Comisi\u00f3n Electoral no comunica al Secretario Municipal la fecha de la elecci\u00f3n con la debida antelaci\u00f3n?<\/h3>\n<p>        <\/button><br \/>\n      <\/h5>\n<\/p><\/div>\n<div id=\"collapseThree\" class=\"collapse\" aria-labelledby=\"headingThree\" data-parent=\"#accordion\">\n<div class=\"card-body\">\n<p>En caso de omitir esta comunicaci\u00f3n, la elecci\u00f3n no tendr\u00e1 validez (art. 21 bis, Ley N\u00b0 19.418).<\/p>\n<\/p><\/div>\n<\/p><\/div>\n<\/p><\/div>\n<div class=\"card\">\n<div class=\"card-header\" id=\"headingThree\">\n<h5 class=\"mb-0\">\n        <button class=\"btn btn-link collapsed\" data-toggle=\"collapse\" data-target=\"#collapseThree\" aria-expanded=\"false\" aria-controls=\"collapseThree\"><\/p>\n<h3>7. \u00bfCu\u00e1les antecedentes de la elecci\u00f3n deben ser depositados por la Comisi\u00f3n Electoral en la Secretar\u00eda Municipal?<\/h3>\n<p>        <\/button><br \/>\n      <\/h5>\n<\/p><\/div>\n<div id=\"collapseThree\" class=\"collapse\" aria-labelledby=\"headingThree\" data-parent=\"#accordion\">\n<div class=\"card-body\">\n<p>&#8211; Acta de la elecci\u00f3n.<br \/>\n&#8211; Registro de socios actualizado.<br \/>\n&#8211; Registro de socios que sufragaron en la elecci\u00f3n.<br \/>\n&#8211; Acta de establecimiento de la Comisi\u00f3n Electoral de acuerdo a lo se\u00f1alado en los estatutos.<br \/>\n&#8211; Certificado de antecedentes de los socios electos emitido por el Servicio de Registro Civil e Identificaci\u00f3n.<br \/>\n(art. 6 inciso 3\u00b0, Ley N\u00b0 19.418)<\/p>\n<\/p><\/div>\n<\/p><\/div>\n<\/p><\/div>\n<div class=\"card\">\n<div class=\"card-header\" id=\"headingThree\">\n<h5 class=\"mb-0\">\n        <button class=\"btn btn-link collapsed\" data-toggle=\"collapse\" data-target=\"#collapseThree\" aria-expanded=\"false\" aria-controls=\"collapseThree\"><\/p>\n<h3>8. \u00bfQu\u00e9 informaci\u00f3n debe enviar el Secretario Municipal al Registro Civil para la incorporaci\u00f3n de la nueva directiva al Registro Nacional de Personas Jur\u00eddicas sin Fines de Lucro?<\/h3>\n<p>        <\/button><br \/>\n      <\/h5>\n<\/p><\/div>\n<div id=\"collapseThree\" class=\"collapse\" aria-labelledby=\"headingThree\" data-parent=\"#accordion\">\n<div class=\"card-body\">\n<p> <a href=\"https:\/\/www.registrocivil.cl\/principal\/canal-tramites\/inscripcion-al-registro-de-personas-juridicas-sin-fines-de-lucro\" target=\"_blank\" rel=\"noopener noreferrer\">-Formulario de Inscripci\u00f3n<\/a><br \/>\n&#8211; Copia del Acta de Elecci\u00f3n del Directorio autorizada por Notario P\u00fablico, Oficial Civil o Secretario(a) Municipal.<br \/>\nSi lo tramita directamente la organizaci\u00f3n, debe enviar adem\u00e1s:<br \/>\n&#8211; Autorizaci\u00f3n del (la) Secretario(a) Municipal para que el (la) interesado(a) solicite directamente la modificaci\u00f3n o actualizaci\u00f3n del directorio.<br \/>\n(Reglamento del Registro Nacional de Personas Jur\u00eddicas sin Fines de Lucro, Decreto N\u00b0 84-2013, Ministerio de Justicia)<\/p>\n<\/p><\/div>\n<\/p><\/div>\n<\/p><\/div>\n<div class=\"card\">\n<div class=\"card-header\" id=\"headingThree\">\n<h5 class=\"mb-0\">\n        <button class=\"btn btn-link collapsed\" data-toggle=\"collapse\" data-target=\"#collapseThree\" aria-expanded=\"false\" aria-controls=\"collapseThree\"><\/p>\n<h3>9. \u00bfPor qu\u00e9 raz\u00f3n se debe depositar el certificado de antecedentes de los socios electos?<\/h3>\n<p>        <\/button><br \/>\n      <\/h5>\n<\/p><\/div>\n<div id=\"collapseThree\" class=\"collapse\" aria-labelledby=\"headingThree\" data-parent=\"#accordion\">\n<div class=\"card-body\">\n<p>Uno de los requisitos para postular como candidato al directorio de una organizaci\u00f3n, es no estar cumpliendo condena por delito que merezca pena aflictiva (art. 20, Ley N\u00b0 19.418).<br \/>\nLa Comisi\u00f3n Electoral debe efectuar la verificaci\u00f3n previa del cumplimiento de este requisito y, al momento del dep\u00f3sito de los antecedentes, el Secretario Municipal lo recibir\u00e1 para su registro.<\/p>\n<\/p><\/div>\n<\/p><\/div>\n<\/p><\/div>\n<div class=\"card\">\n<div class=\"card-header\" id=\"headingThree\">\n<h5 class=\"mb-0\">\n        <button class=\"btn btn-link collapsed\" data-toggle=\"collapse\" data-target=\"#collapseThree\" aria-expanded=\"false\" aria-controls=\"collapseThree\"><\/p>\n<h3>10. \u00bfQu\u00e9 pasa si la Comisi\u00f3n Electoral NO deposita los antecedentes de la elecci\u00f3n dentro de los cinco d\u00edas siguientes en la Secretar\u00eda Municipal?<\/h3>\n<p>        <\/button><br \/>\n      <\/h5>\n<\/p><\/div>\n<div id=\"collapseThree\" class=\"collapse\" aria-labelledby=\"headingThree\" data-parent=\"#accordion\">\n<div class=\"card-body\">\n<p>El Secretario Municipal no podr\u00e1 recibir los documentos ni ingresar la informaci\u00f3n de la nueva directiva en el registro p\u00fablico de directivas y, por lo tanto, la nueva directiva no podr\u00e1 obtener la vigencia (ni provisoria ni definitiva). Con lo anterior, el proceso se ver\u00eda interrumpido y la elecci\u00f3n no ser\u00e1 v\u00e1lida.<\/p>\n<\/p><\/div>\n<\/p><\/div>\n<\/p><\/div>\n<div class=\"card\">\n<div class=\"card-header\" id=\"headingThree\">\n<h5 class=\"mb-0\">\n        <button class=\"btn btn-link collapsed\" data-toggle=\"collapse\" data-target=\"#collapseThree\" aria-expanded=\"false\" aria-controls=\"collapseThree\"><\/p>\n<h3>11. \u00bfQu\u00e9 pasa con las constituciones de organizaciones funcionales y territoriales?<\/h3>\n<p>        <\/button><br \/>\n      <\/h5>\n<\/p><\/div>\n<div id=\"collapseThree\" class=\"collapse\" aria-labelledby=\"headingThree\" data-parent=\"#accordion\">\n<div class=\"card-body\">\n<p>La modificaci\u00f3n legal contempla solamente los procesos eleccionarios de las organizaciones regidas por la Ley 19.418. No se introdujeron modificaciones en relaci\u00f3n con la constituci\u00f3n de estas.<\/p>\n<\/p><\/div>\n<\/p><\/div>\n<\/p><\/div>\n<div class=\"card\">\n<div class=\"card-header\" id=\"headingThree\">\n<h5 class=\"mb-0\">\n        <button class=\"btn btn-link collapsed\" data-toggle=\"collapse\" data-target=\"#collapseThree\" aria-expanded=\"false\" aria-controls=\"collapseThree\"><\/p>\n<h3>12. \u00bfCu\u00e1l ser\u00e1 el canal de comunicaci\u00f3n entre el Tribunal Electoral y la Secretar\u00eda Municipal si hay reclamaci\u00f3n?<\/h3>\n<p>        <\/button><br \/>\n      <\/h5>\n<\/p><\/div>\n<div id=\"collapseThree\" class=\"collapse\" aria-labelledby=\"headingThree\" data-parent=\"#accordion\">\n<div class=\"card-body\">\n<p>El TER tiene la obligaci\u00f3n de oficiar a los Secretarios Municipales respecto a la existencia de una reclamaci\u00f3n que se ha declarado admisible y su fallo.<br \/>\nLa Ley N\u00b0 21.146 no especifica de qu\u00e9 forma se va a llevar a cabo esta obligaci\u00f3n, rigiendo, por tanto, los mismos criterios que hasta le fecha se han utilizado por estos Tribunales para oficiar a los Municipios, es decir, por medios materiales, tales como, oficio en papel remitido por la empresa de correos; o, en algunos casos, por medios electr\u00f3nicos, como e-mail o publicaci\u00f3n en la p\u00e1gina web del Tribunal.<\/p>\n<\/p><\/div>\n<\/p><\/div>\n<\/p><\/div>\n<div class=\"card\">\n<div class=\"card-header\" id=\"headingThree\">\n<h5 class=\"mb-0\">\n        <button class=\"btn btn-link collapsed\" data-toggle=\"collapse\" data-target=\"#collapseThree\" aria-expanded=\"false\" aria-controls=\"collapseThree\"><\/p>\n<h3>13. \u00bfPor qu\u00e9 existen plazos legales de c\u00f3mputo administrativo y otros de c\u00f3mputo judicial?<\/h3>\n<p>        <\/button><br \/>\n      <\/h5>\n<\/p><\/div>\n<div id=\"collapseThree\" class=\"collapse\" aria-labelledby=\"headingThree\" data-parent=\"#accordion\">\n<div class=\"card-body\">\n<p>Estos plazos conviven en raz\u00f3n de las normativas que los establecen. Respecto del plazo de d\u00edas h\u00e1biles judiciales, se considera s\u00f3lo para el procedimiento de reclamaci\u00f3n ante el TER, en raz\u00f3n de que se encuentra regulado en la Ley 18.593 (art. 27, Ley 18.953 y art. 59 del C\u00f3digo de Procedimiento Civil).<br \/>\nEn cuanto a los plazos administrativos, se entiende que son inh\u00e1biles los d\u00edas s\u00e1bados, los domingos y los festivos (art. 25, Ley N\u00b0 19.880).<\/p>\n<\/p><\/div>\n<\/p><\/div>\n<\/p><\/div>\n<div class=\"card\">\n<div class=\"card-header\" id=\"headingThree\">\n<h5 class=\"mb-0\">\n        <button class=\"btn btn-link collapsed\" data-toggle=\"collapse\" data-target=\"#collapseThree\" aria-expanded=\"false\" aria-controls=\"collapseThree\"><\/p>\n<h3>14. \u00bfQu\u00e9 alcances tiene el Certificado de Vigencia Provisorio en cuanto a su validez?<\/h3>\n<p>        <\/button><br \/>\n      <\/h5>\n<\/p><\/div>\n<div id=\"collapseThree\" class=\"collapse\" aria-labelledby=\"headingThree\" data-parent=\"#accordion\">\n<div class=\"card-body\">\n<p>El Certificado de Vigencia Provisorio est\u00e1 establecido por Ley, por lo tanto, mientras dure su vigencia, tiene la misma validez que el Certificado de Vigencia Definitivo.<\/p>\n<\/p><\/div>\n<\/p><\/div>\n<\/p><\/div>\n<div class=\"card\">\n<div class=\"card-header\" id=\"headingThree\">\n<h5 class=\"mb-0\">\n        <button class=\"btn btn-link collapsed\" data-toggle=\"collapse\" data-target=\"#collapseThree\" aria-expanded=\"false\" aria-controls=\"collapseThree\"><\/p>\n<h3>15. \u00bfA partir de qu\u00e9 fecha deben estar publicados los Registros P\u00fablicos establecidos en el art\u00edculo 6 de la Ley 19.418?<\/h3>\n<p>        <\/button><br \/>\n      <\/h5>\n<\/p><\/div>\n<div id=\"collapseThree\" class=\"collapse\" aria-labelledby=\"headingThree\" data-parent=\"#accordion\">\n<div class=\"card-body\">\n<p>Los Registros P\u00fablicos de las organizaciones existentes en la comuna y sus respectivas directivas, deben estar disponibles a partir del 28 de agosto en el sitio web de la Municipalidad o en el Portal de Transparencia de \u00e9sta (si optan por utilizar esta plataforma). Este registro debe incluir a todas las organizaciones que se encuentren constituidas a esa fecha en la comuna.<\/p>\n<\/p><\/div>\n<\/p><\/div>\n<\/p><\/div>\n<div class=\"card\">\n<div class=\"card-header\" id=\"headingThree\">\n<h5 class=\"mb-0\">\n        <button class=\"btn btn-link collapsed\" data-toggle=\"collapse\" data-target=\"#collapseThree\" aria-expanded=\"false\" aria-controls=\"collapseThree\"><\/p>\n<h3>16. \u00bfQu\u00e9 se debe publicar en la p\u00e1gina web institucional de la Municipalidad?<\/h3>\n<p>        <\/button><br \/>\n      <\/h5>\n<\/p><\/div>\n<div id=\"collapseThree\" class=\"collapse\" aria-labelledby=\"headingThree\" data-parent=\"#accordion\">\n<div class=\"card-body\">\n<p>&#8211; Registros p\u00fablicos de las organizaciones (art. 6 incisos 1\u00b0 y 2\u00b0, Ley N\u00b0 19.418).<br \/>\n&#8211; Aviso de que se va a realizar una elecci\u00f3n (art. 21 bis, Ley N\u00b0 19.418).<br \/>\n&#8211; Reclamaciones (art. 18 inciso 2\u00b0, Ley N\u00b0 18.593).<br \/>\n&#8211; Fallo de la reclamaci\u00f3n (art. 25 inciso 3\u00b0, Ley N\u00b0 18.593).<\/p>\n<\/p><\/div>\n<\/p><\/div>\n<\/p><\/div>\n<div class=\"card\">\n<div class=\"card-header\" id=\"headingThree\">\n<h5 class=\"mb-0\">\n        <button class=\"btn btn-link collapsed\" data-toggle=\"collapse\" data-target=\"#collapseThree\" aria-expanded=\"false\" aria-controls=\"collapseThree\"><\/p>\n<h3>17. \u00bfEs obligatorio cumplir las nuevas obligaciones de transparencia y publicidad a trav\u00e9s del Portal de Transparencia?<\/h3>\n<p>        <\/button><br \/>\n      <\/h5>\n<\/p><\/div>\n<div id=\"collapseThree\" class=\"collapse\" aria-labelledby=\"headingThree\" data-parent=\"#accordion\">\n<div class=\"card-body\">\n<p>No, tambi\u00e9n se pude cumplir con la normativa realizando estas publicaciones en la p\u00e1gina web institucional de cada Municipalidad.<br \/>\nLa publicaci\u00f3n de la informaci\u00f3n a trav\u00e9s del Portal de Transparencia de cada Municipalidad se estableci\u00f3 como una buena pr\u00e1ctica, esto significa que, si bien publicar la informaci\u00f3n es obligatorio, esto no necesariamente se debe realizar trav\u00e9s del Portal de Transparencia.<br \/>\nPor lo dem\u00e1s, el Consejo para la Transparencia no tiene facultades para fiscalizar el cumplimiento de estas obligaciones.<\/p>\n<\/p><\/div>\n<\/p><\/div>\n<\/p><\/div>\n<div class=\"card\">\n<div class=\"card-header\" id=\"headingThree\">\n<h5 class=\"mb-0\">\n        <button class=\"btn btn-link collapsed\" data-toggle=\"collapse\" data-target=\"#collapseThree\" aria-expanded=\"false\" aria-controls=\"collapseThree\"><\/p>\n<h3>18. \u00bfD\u00f3nde se puede reclamar por vicios o defectos en el proceso de elecci\u00f3n de juntas de vecinos y organizaciones comunitarias?<\/h3>\n<p>        <\/button><br \/>\n      <\/h5>\n<\/p><\/div>\n<div id=\"collapseThree\" class=\"collapse\" aria-labelledby=\"headingThree\" data-parent=\"#accordion\">\n<div class=\"card-body\">\n<p>La ley mantiene el derecho que tiene \u201ccualquier vecino afiliado a la organizaci\u00f3n\u201d para reclamar ante los Tribunales Electorales Regionales (art. 25, Ley N\u00b0 19.418 y art. 10 N\u00b0 1, Ley N\u00b0 18.593).<\/p>\n<\/p><\/div>\n<\/p><\/div>\n<\/p><\/div>\n<div class=\"card\">\n<div class=\"card-header\" id=\"headingThree\">\n<h5 class=\"mb-0\">\n        <button class=\"btn btn-link collapsed\" data-toggle=\"collapse\" data-target=\"#collapseThree\" aria-expanded=\"false\" aria-controls=\"collapseThree\"><\/p>\n<h3>19. \u00bfCu\u00e1l es el plazo para reclamar? \u00bfEste plazo es de d\u00edas h\u00e1biles o corridos?<\/h3>\n<p>        <\/button><br \/>\n      <\/h5>\n<\/p><\/div>\n<div id=\"collapseThree\" class=\"collapse\" aria-labelledby=\"headingThree\" data-parent=\"#accordion\">\n<div class=\"card-body\">\n<p>El plazo para reclamar es de 15 d\u00edas h\u00e1biles judiciales (lunes a s\u00e1bado) contados desde la celebraci\u00f3n de la elecci\u00f3n (art. 25, Ley N\u00b0 19.418; y, art. 10 N\u00b02, art. 16 y art. 27, Ley N\u00b0 18.593).<\/p>\n<\/p><\/div>\n<\/p><\/div>\n<\/p><\/div>\n<div class=\"card\">\n<div class=\"card-header\" id=\"headingThree\">\n<h5 class=\"mb-0\">\n        <button class=\"btn btn-link collapsed\" data-toggle=\"collapse\" data-target=\"#collapseThree\" aria-expanded=\"false\" aria-controls=\"collapseThree\"><\/p>\n<h3>20. \u00bfPara presentar un reclamo es necesario contar con el patrocinio de un abogado?<\/h3>\n<p>        <\/button><br \/>\n      <\/h5>\n<\/p><\/div>\n<div id=\"collapseThree\" class=\"collapse\" aria-labelledby=\"headingThree\" data-parent=\"#accordion\">\n<div class=\"card-body\">\n<p>Para presentar un reclamo no se requiere patrocinio de abogado (art. 25 inciso final, Ley N\u00b0 19.418). Sin perjuicio de ello, es necesario tener presente que estas organizaciones gozan de privilegio de pobreza (art. 29 inciso 2\u00b0, Ley N\u00b0 19.418).<\/p>\n<\/p><\/div>\n<\/p><\/div>\n<\/p><\/div>\n<div class=\"card\">\n<div class=\"card-header\" id=\"headingThree\">\n<h5 class=\"mb-0\">\n        <button class=\"btn btn-link collapsed\" data-toggle=\"collapse\" data-target=\"#collapseThree\" aria-expanded=\"false\" aria-controls=\"collapseThree\"><\/p>\n<h3>21. \u00bfCu\u00e1l es la diferencia entre el Certificado de Vigencia Provisorio y el Definitivo?<\/h3>\n<p>        <\/button><br \/>\n      <\/h5>\n<\/p><\/div>\n<div id=\"collapseThree\" class=\"collapse\" aria-labelledby=\"headingThree\" data-parent=\"#accordion\">\n<div class=\"card-body\">\n<p>El Certificado de Vigencia Provisorio ser\u00e1 otorgado por el Secretario Municipal, a solicitud de cualquier miembro de la organizaci\u00f3n, una vez que la Comisi\u00f3n Electoral hubiere efectuado el dep\u00f3sito de todos los antecedentes de la elecci\u00f3n dentro del plazo. Tiene una vigencia de 30 d\u00edas corridos y puede renovarse en caso de existir reclamaciones pendientes, hasta que el fallo del Tribunal Electoral Regional se encuentre ejecutoriado.<br \/>\nEl Certificado de Vigencia Definitivo s\u00f3lo podr\u00e1 ser emitido por el Registro Civil, para lo cual, transcurridos 20 d\u00edas desde el dep\u00f3sito de los antecedentes, el Secretario Municipal deber\u00e1 enviar la informaci\u00f3n de la nueva directiva al Registro Nacional de Personas Jur\u00eddicas sin Fines de Lucro, siempre que no existiera reclamo; en caso de existir reclamo, esta obligaci\u00f3n de informar se realizar\u00e1 una vez que la sentencia que lo rechaza se encuentre ejecutoriada (art. 6 bis, Ley N\u00b019.418).<\/p>\n<\/p><\/div>\n<\/p><\/div>\n<\/p><\/div>\n<\/div>\n","protected":false},"excerpt":{"rendered":"<p>1. Con la eliminaci\u00f3n de la calificaci\u00f3n por parte del Tribunal Electoral Regional \u00bfQui\u00e9n va a calificar las elecciones de[&#8230;]<\/p>\n","protected":false},"author":1,"featured_media":0,"parent":0,"menu_order":0,"comment_status":"closed","ping_status":"closed","template":"participacion.php","meta":{"footnotes":""},"class_list":["post-6","page","type-page","status-publish","hentry"],"_links":{"self":[{"href":"https:\/\/www.quillota.cl\/participacion\/wp-json\/wp\/v2\/pages\/6","targetHints":{"allow":["GET"]}}],"collection":[{"href":"https:\/\/www.quillota.cl\/participacion\/wp-json\/wp\/v2\/pages"}],"about":[{"href":"https:\/\/www.quillota.cl\/participacion\/wp-json\/wp\/v2\/types\/page"}],"author":[{"embeddable":true,"href":"https:\/\/www.quillota.cl\/participacion\/wp-json\/wp\/v2\/users\/1"}],"replies":[{"embeddable":true,"href":"https:\/\/www.quillota.cl\/participacion\/wp-json\/wp\/v2\/comments?post=6"}],"version-history":[{"count":0,"href":"https:\/\/www.quillota.cl\/participacion\/wp-json\/wp\/v2\/pages\/6\/revisions"}],"wp:attachment":[{"href":"https:\/\/www.quillota.cl\/participacion\/wp-json\/wp\/v2\/media?parent=6"}],"curies":[{"name":"wp","href":"https:\/\/api.w.org\/{rel}","templated":true}]}}